 base 11?
836263
-4e50f (base 16) to base 14
-84c91
What is 1185342 (base 12) in base 14?
64a910
-33505a (base 12) to base 9
-1475247
What is -368a104 (base 12) in base 13?
-2284480
Convert 34645 (base 9) to base 13.
a6ac
-2614722 (base 8) to base 2
-10110001100111010010
What is -475001 (base 9) in base 10?
-285769
Convert 84690 (base 14) to base 10.
319606
-251054523 (base 6) to base 4
-102113010303
-1ca6bb (base 14) to base 9
-1835534
-362370 (base 11) to base 3
-1002011112000
Convert -32321002131 (base 4) to base 10.
-3903645
Convert -34c9c7 (base 14) to base 10.
-1802003
What is 1022002200221 (base 3) in base 10?
690874
Convert -124240142 (base 5) to base 8.
-2267274
Convert 22100211233 (base 4) to base 6.
133350515
-3a015 (base 14) to base 16
-22d73
Convert 1212404440 (base 5) to base 6.
141122130
96c41 (base 13) to base 14
7134c
Convert 62748 (base 10) to base 5.
4001443
What is 11100011010001111100 (base 2) in base 16?
e347c
-13773 (base 11) to base 2
-100110001101001
What is -a3628 (base 13) in base 10?
-293249
Convert -23130002321 (base 4) to base 13.
-80ca47
2040c6 (base 13) to base 16
b77b0
What is 406605 (base 13) in base 7?
15513231
What is 120112221120 (base 3) in base 12?
1291b9
-11c854 (base 14) to base 16
-951fa
What is 4a1902a (base 11) in base 7?
134101446
What is -121232340 (base 5) in base 12?
-23650a
What is -4870d8 (base 14) in base 3?
-11122220012121
-2b22a09 (base 12) to base 10
-8755497
2e700 (base 15) to base 2
100100101000111011
-100011100101000011011 (base 2) to base 14
-224c31
Convert -5300423 (base 6) to base 13.
-8cb44
-147616 (base 9) to base 7
-526002
-1299866 (base 12) to base 4
-32010022032
Convert 12bc57 (base 13) to base 7.
3602414
What is 1212102101 (base 3) in base 8?
107625
368800 (base 9) to base 6
4440213
-114231320 (base 5) to base 2
-10000011101111000001
11001110110111001 (base 2) to base 9
171251
77002 (base 10) to base 5
4431002
2865842 (base 11) to base 14
9237db
Convert -105122 (base 11) to base 14.
-45255
Convert 175aa (base 16) to base 4.
113112222
Convert 4614626 (base 8) to base 11.
7854a0
What is -4071245 (base 8) in base 12?
-43b971
What is 30212310112 (base 4) in base 5?
1321222401
Convert -2823857 (base 9) to base 16.
-17abb3
1221010120012 (base 3) to base 15
154078
-43076 (base 11) to base 9
-104830
11222135 (base 6) to base 16
5448b
7579b (base 14) to base 9
472682
What is -41554404 (base 7) in base 4?
-31120302321
What is 243542431 (base 6) in base 16?
472933
5831a7 (base 12) to base 15
1ce61d
Convert 2922964 (base 10) to base 5.
1222013324
What is -45f4c (base 16) in base 9?
-476047
What is db9c7 (base 14) in base 16?
81c4b
What is -220111221212121 (base 3) in base 5?
-11313414300
What is 121113323003 (base 4) in base 11?
3833488
Convert -51151202 (base 6) to base 15.
-1dccc2
What is -24a1828 (base 14) in base 7?
-302405451
-2e57e (base 16) to base 14
-4d26a
1110001010 (base 4) to base 6
11213112
What is 616166 (base 8) in base 2?
110001110001110110
25617131 (base 8) to base 16
571e59
Convert -1534c (base 15) to base 8.
-205227
What is -41035453 (base 6) in base 13?
-32032b
22000011120 (base 3) to base 6
3213323
Convert 1104b6 (base 14) to base 7.
4622516
Convert -108643 (base 10) to base 9.
-175024
Convert 153ebb (base 15) to base 2.
11111010011110011111
What is -53817 (base 11) in base 13?
-29782
Convert -3a6a75 (base 11) to base 2.
-10011011111101111001
Convert -a13a7f (base 16) to base 5.
-10201110041
Convert 12854c (base 13) to base 10.
446900
Convert 2b607 (base 12) to base 2.
1110111110100111
What is 3035204 (base 7) in base 10?
361967
What is 239028 (base 10) in base 5?
30122103
1101010001011010000110 (base 2) to base 16
351686
15217b5 (base 12) to base 2
10000010011100100111001
25491 (base 12) to base 9
76611
Convert 403146 (base 7) to base 13.
2514c
Convert -54655a8 (base 12) to base 9.
-33186012
-10255254 (base 6) to base 12
-12752a
14c046 (base 16) to base 10
1359942
-46688 (base 9) to base 15
-938e
What is 7745036 (base 8) in base 12?
845792
What is 12726a (base 12) in base 8?
1117262
What is 517112 (base 8) in base 3?
22201101100
530243 (base 9) to base 12
132449
Convert 3012210120 (base 4) to base 14.
172596
-12111111121 (base 3) to base 9
-174447
11302433 (base 6) to base 5
42204032
What is -22012200021000 (base 3) in base 4?
-100221033312
2235726 (base 8) to base 14
11a766
1465381 (base 11) to base 14
494db0
What is -15a0a8 (base 11) in base 8?
-743604
What is -97915 (base 10) in base 15?
-1e02a
Convert -46ab (base 12) to base 7.
-32024
Convert 31326 (base 14) to base 8.
347526
Convert -1200101000021 (base 3) to base 16.
-da068
Convert 543c4 (base 13) to base 4.
211023010
22220201021012 (base 3) to base 9
8821235
Convert 13030001124 (base 5) to base 10.
15859539
What is 3241153 (base 7) in base 16?
60d33
-700a7 (base 15) to base 3
-200000022211
What is -3368051 (base 9) in base 10?
-1816714
What is -332567 (base 8) in base 13?
-3bc89
Convert -1101110110101111110000 (base 2) to base 10.
-3632112
-200101222001 (base 3) to base 2
-1011000011100101111
Convert -12101010021 (base 3) to base 5.
-11341133
Convert -101011010111011001011 (base 2) to base 15.
-1d1088
Convert 83ab (base 15) to base 13.
c893
8151a (base 16) to base 6
15204134
Convert -1021212022222 (base 3) to base 14.
-13c127
62767 (base 8) to base 15
7b03
What is -59aa51 (base 12) in base 11?
-900097
Convert -177971 (base 11) to base 8.
-1027146
What is 2b5536 (base 14) in base 10?
1512972
Convert -2001210001000 (base 3) to base 9.
-2053030
4a02 (base 13) to base 5
313410
What is -437181 (base 10) in base 5?
-102442211
23185c (base 15) to base 9
3133786
What is 2785956 (base 12) in base 8?
36061422
-110300002021 (base 4) to base 6
-312331241
What is 25113154 (base 6) in base 10?
802942
Convert 52676 (base 12) to base 16.
1a63a
Convert 3321042 (base 5) to base 4.
32010233
What is 1bd5f (base 16) in base 3?
12210101210
Convert 210111200110 (base 3) to base 9.
714613
Convert 100011111001001100101 (base 2) to base 12.
488799
Convert 110100000001001 (base 2) to base 4.
12200021
What is -8a045 (base 11) in base 4?
-133312313
Convert 12030102211 (base 4) to base 12.
663431
What is -11111001010111100101 (base 2) in base 5?
-230141123
What is -6223636 (base 7) in base 13?
-201526
What is 60446156 (base 7) in base 5?
2241121423
11c69c (base 14) to base 15
c0d3c
2204211 (base 5) to base 2
1001010010101000
What is 32b289 (base 13) in base 6?
41343135
What is -ba7a2b (base 12) in base 15?
-3d6708
-113031210 (base 4) to base 8
-271544
What is 2470b (base 12) in base 5?
3040103
What is 132230 (base 7) in base 8?
60357
31632562 (base 7) to base 6
133451254
272574 (base 8) to base 2
10111010101111100
Convert -2a58168 (base 13) to base 10.
-13527184
Convert 626b9d (base 14) to base 4.
30223022213
What is 455aa1 (base 12) in base 10?
1109209
Convert -4040134241 (base 5) to base 2.
-11111000001000000001011
34a1411 (base 11) to base 7
102624012
2a28942 (base 11) to base 7
62103614
4416607 (base 9) to base 12
9655a4
adb7d (base 15) to base 6
15502514
What is -53491 (base 13) in base 9?
-248017
What is 508628 (base 9) in base 7?
2364161
What is 100101011011000100110 (base 2) in base 4?
10223120212
Convert -4de43 (base 15) to base 11.
-160579
Convert 3685701 (base 9) to base 10.
2005318
-1a13b (base 14) to base 8
-201071
What is -173424 (base 9) in base 16?
-1a3f5
-101340102 (base 6) to base 10
-1754822
What is -218250 (base 9) in base 2?
-11111111010001010
Convert 5242124 (base 7) to base 9.
1163212
-1002220000210 (base 3) to base 5
-122311244
What is -310141 (base 11) in base 5?
-111413320
-402014 (base 6) to base 15
-9531
-15581504 (base 10) to base 16
-edc140
-1210533 (base 8) to base 2
-1010001000101011011
191e0 (base 15) to base 13
2b0b3
Convert 1110000001111011001111 (base 2) to base 6.
210455155
What is -b31c95 (base 13) in base 14?
-7a932d
1436331 (base 7) to base 8
573403
Convert -40244775 (base 8) to base 6.
-501335125
-2c5017 (base 16) to base 13
-7a8ac4
Convert -112304444 (base 5) to base 15.
-a119e
What is -5549489 (base 10) in base 6?
-314540025
Convert -2da4a (base 14) to base 7.
-654623
Convert -2660484 (base 9) to base 4.
-11203230232
Convert -111000010100110010101010 (base 2) to base 10.
-14765226
Convert 40400